{"id":1607,"date":"2017-09-14T22:05:29","date_gmt":"2017-09-14T20:05:29","guid":{"rendered":"http:\/\/www.theater-triebwerk.de\/wordpress\/?page_id=1607"},"modified":"2025-10-13T09:12:21","modified_gmt":"2025-10-13T07:12:21","slug":"vorschau-2019","status":"publish","type":"page","link":"https:\/\/www.theater-triebwerk.de\/wordpress\/stuecke\/vorschau-2019\/","title":{"rendered":"Spieldaten 2025"},"content":{"rendered":"\n<figure class=\"wp-block-table is-style-regular\"><table><tbody><tr><td><a href=\"https:\/\/lastrada-bremen.de\/programm\/ubersicht\/kuenstler\/radio-triebwerk-2034\" data-type=\"URL\" data-id=\"https:\/\/lastrada-bremen.de\/programm\/ubersicht\/kuenstler\/radio-triebwerk-2034\"><img src=\"https:\/\/www.theater-triebwerk.de\/wordpress\/wp-content\/uploads\/Unbenannt-2-2-700x175.jpg\" alt=\"Dieses Bild hat ein leeres Alt-Attribut. Der Dateiname ist Unbenannt-2-2-700x175.jpg\"><\/a><\/td><\/tr><tr><td><a href=\"https:\/\/theater-treptower-park.de\/termin\/besuch-aus-lilliput-2\/2025-07-17\/\" data-type=\"URL\" data-id=\"https:\/\/theater-treptower-park.de\/termin\/besuch-aus-lilliput-2\/2025-07-17\/\" target=\"_blank\" rel=\"noreferrer noopener\">Figurentheater Grash\u00fcpfer&nbsp;Puschkinallee 16 a, Berlin<br><\/a> <br><strong><a href=\"https:\/\/lastrada-bremen.de\/programm\/ubersicht\/kuenstler\/radio-triebwerk-2034\" data-type=\"URL\" data-id=\"https:\/\/lastrada-bremen.de\/programm\/ubersicht\/kuenstler\/radio-triebwerk-2034\">BESUCH AUS LILLIPUT<\/a><\/strong><br><strong>Ein Theaterst\u00fcck f\u00fcr Kinder zwischen 3-5 Jahre ohne gesprochene Sprache<\/strong><br><br><strong>Vorstellungen<\/strong>:<br>17.07.2025 10:00 Uhr bis 10:45 Uhr<br><meta charset=\"utf-8\">19.07.2025 11:00 Uhr bis 11:45 Uhr<br>20.07.2025 11:00 Uhr bis 11:45 Uhr<\/td><\/tr><\/tbody><\/table><\/figure>\n\n\n\n<figure class=\"wp-block-table is-style-regular\"><table><tbody><tr><td><a href=\"https:\/\/lastrada-bremen.de\/programm\/ubersicht\/kuenstler\/radio-triebwerk-2034\" data-type=\"URL\" data-id=\"https:\/\/lastrada-bremen.de\/programm\/ubersicht\/kuenstler\/radio-triebwerk-2034\"><img loading=\"lazy\" width=\"842\" height=\"209\" src=\"https:\/\/www.theater-triebwerk.de\/wordpress\/wp-content\/uploads\/banner-radio-triebwerk-scaled.jpg\" alt=\"\"><\/a><\/td><\/tr><tr><td> <br><strong><a href=\"https:\/\/lastrada-bremen.de\/programm\/ubersicht\/kuenstler\/radio-triebwerk-2034\" data-type=\"URL\" data-id=\"https:\/\/lastrada-bremen.de\/programm\/ubersicht\/kuenstler\/radio-triebwerk-2034\">LA STRADA FESTIVAL BREMEN<br>RADIO TRIEBWERK<\/a><\/strong><br>Futuristische Improvisationen auf dem Cello FX<br><br>Vorstellungen<br>Freitag, 13. Juni 2025, 19:00 Uhr bis 20:30 Uhr<br>Samstag, 14. Juni 2025, 19:00 Uhr bis 20:30 Uhr <\/td><\/tr><\/tbody><\/table><\/figure>\n\n\n\n<figure class=\"wp-block-table\"><table><tbody><tr><td><img loading=\"lazy\" class=\"alignnone size-full\" src=\"https:\/\/www.theater-triebwerk.de\/wordpress\/wp-content\/uploads\/kal_ichduwir.jpg\" width=\"2222\" height=\"556\"><\/td><\/tr><tr><td> <h4><a href=\"https:\/\/www.theater-triebwerk.de\/wordpress\/du-ich-wir\/\">Du, ich, wir! Ein Familienst\u00fcck ab 4.<\/a><\/h4><meta charset=\"utf-8\"><br>20.01.25&nbsp;I 10:00 I Lichtwark-Forum Lurup e.V. I&nbsp;Stadtteilhaus LurupB\u00f6verstland 38, 22547 Hamburg<br><br>11.04.25&nbsp;I 10:00 I B\u00fccherParadies Iserbrook Kinder- LeseClub f\u00fcr Kinder von 0 &#8211; 12 Jahren I Schenefelder Landstra\u00dfe 206 I 22589 Hamburg I www.b\u00fccherparadies-iserbrook.de<br><br>20.04.25&nbsp;I 10:00 I Stadtteilkulturzentrum Lurup I B\u00f6verstland 38 I 22547 Hamburg<br><br>17.05.25&nbsp;I 15:00 I Kulturschloss Wandsbek I K\u00f6nigsreihe 4 I 22041 Hamburg<br><br>01.06.25&nbsp;I 11:00 I GWA St. Pauli I Hein-K\u00f6llisch-Platz 12 I 20359 Hamburg<br><br>02.07.25&nbsp;I 9:30 + 11:00 I Freizeitzentrum Schnelsen e.V. I W\u00e4hlingsallee 16 I 22459 Hamburg<br><br>gef\u00f6rdert mit Mitteln des DfdK Hamburg<\/td><\/tr><\/tbody><\/table><\/figure>\n\n\n\n<figure class=\"wp-block-table\"><table><tbody><tr><td><img loading=\"lazy\" class=\"alignleft size-full wp-image-1595\" src=\"https:\/\/www.theater-triebwerk.de\/wordpress\/wp-content\/uploads\/kal_boltan.jpg\" alt=\"\" width=\"800\" height=\"200\" srcset=\"https:\/\/www.theater-triebwerk.de\/wordpress\/wp-content\/uploads\/kal_boltan.jpg 800w, https:\/\/www.theater-triebwerk.de\/wordpress\/wp-content\/uploads\/kal_boltan-300x75.jpg 300w, https:\/\/www.theater-triebwerk.de\/wordpress\/wp-content\/uploads\/kal_boltan-768x192.jpg 768w, https:\/\/www.theater-triebwerk.de\/wordpress\/wp-content\/uploads\/kal_boltan-700x175.jpg 700w\" sizes=\"(max-width: 800px) 100vw, 800px\" \/><\/td><\/tr><tr><td> <h4><a href=\"https:\/\/www.theater-triebwerk.de\/wordpress\/ein-freund-fur-lowe-boltan-2\/\">EIN FREUND F\u00dcR L\u00d6WE BOLTAN<\/a><\/h4><br>06.02.25 I 09:00 &amp; 11:00 I Scharoun Theater Wolfsburg I Klieverhagen 50 I 38440 Wolfsburg<br><br>29. &amp; 30.04.25 I 10:00 I Kleist Forum I Platz der Einheit 1 I 15230 Frankfurt (Oder)<br><br>21.09.25 I 15:00 I Scharoun Theater Wolfsburg I Klieverhagen 50 I 38440 Wolfsburg<br><br>22.09.25 I 10:00 I Scharoun Theater Wolfsburg I Klieverhagen 50 I 38440 Wolfsburg<br><br>08.11.25 I 15:00 I Kinder- und Jugendkulturwerkstatt Pasinger Fabrik I August-Exter-Str. 1 I 81245 M\u00fcnchen<br><br>12.11.25 I 09:00 \/ 10:30 \/ 16:30 I im Veranstaltungsort der Dachauer Theatertage<br><br>13.11.25<meta charset=\"utf-8\"> I 10:00 I B\u00fcrgerhaus Pullach I Heilmannstra\u00dfe 2 I 82049 Pullach<br><br>14.11.25 I 09:00 \/ 10:30 I Altes Kino I Im Klosterbauhof 4 I 85560 Ebersberg<br><br><\/td><\/tr><\/tbody><\/table><\/figure>\n\n\n\n<figure class=\"wp-block-table\"><table><tbody><tr><td><strong><img loading=\"lazy\" class=\"alignleft size-full wp-image-1584\" src=\"https:\/\/www.theater-triebwerk.de\/wordpress\/wp-content\/uploads\/kal_papperlapp.jpg\" alt=\"\" width=\"800\" height=\"200\" srcset=\"https:\/\/www.theater-triebwerk.de\/wordpress\/wp-content\/uploads\/kal_papperlapp.jpg 800w, https:\/\/www.theater-triebwerk.de\/wordpress\/wp-content\/uploads\/kal_papperlapp-300x75.jpg 300w, https:\/\/www.theater-triebwerk.de\/wordpress\/wp-content\/uploads\/kal_papperlapp-768x192.jpg 768w, https:\/\/www.theater-triebwerk.de\/wordpress\/wp-content\/uploads\/kal_papperlapp-700x175.jpg 700w\" sizes=\"(max-width: 800px) 100vw, 800px\" \/><\/strong><\/td><\/tr><tr><td> <h4><a href=\"https:\/\/www.theater-triebwerk.de\/wordpress\/das-papperlapapp-der-tiere\/\">DAS PAPPERLAPAPP DER TIERE<\/a>&nbsp;<\/h4>19.01.24 I Lagerhalle Osnabr\u00fcck, Rolandsmauer 26 \/ 49074 Osnabr\u00fcck<br><br>12.07.25 I 15:00 I Kulturschloss Wandsbek I K\u00f6nigsreihe 4 I 22041 Hamburg<\/td><\/tr><\/tbody><\/table><\/figure>\n\n\n\n<figure class=\"wp-block-table\"><table><tbody><tr><td><img loading=\"lazy\" class=\"alignleft size-full wp-image-2033\" src=\"https:\/\/www.theater-triebwerk.de\/wordpress\/wp-content\/uploads\/kal_moby-d.jpg\" alt=\"\" width=\"2222\" height=\"556\"><\/td><\/tr><tr><td> <h4><a href=\"https:\/\/www.theater-triebwerk.de\/wordpress\/moby-dick\/\">MOBY DICK\u00a0<\/a><\/h4><meta charset=\"utf-8\">17.02.2026 I 10.00 (englische Version) I Hallenbad \u2013 Kultur am Schachtweg<br><meta charset=\"utf-8\">18.02.2026 I 10.00 (deutsche Version) I Hallenbad \u2013 Kultur am Schachtweg<br>Schachtweg 31, 38440 Wolfsburg<br><br>07.11.2025 I 10:00 (Schulvorstellung) \/ 18:00 I Theater Lindau<br>Eisenbahnstra\u00dfe 15, 88048 Friedrichshafen<br><br>30.10.2025 I 10:00 I Theater Lindau<br>Fischergasse 37, 88131\u00a0Lindau<br><p>17.02.2025 I 10:00 &amp; 12:00 I Stadeum<br>Schiffertorsstrasse 6, 21682 Stade<\/p> <\/td><\/tr><\/tbody><\/table><\/figure>\n\n\n\n<figure class=\"wp-block-table\"><table><tbody><tr><td><img loading=\"lazy\" width=\"842\" height=\"209\" src=\"https:\/\/www.theater-triebwerk.de\/wordpress\/wp-content\/uploads\/Bildschirmfoto-2025-01-14-um-09.46.35-700x174.png\" alt=\"\"><\/td><\/tr><tr><td> <h4><a href=\"https:\/\/www.theater-triebwerk.de\/wordpress\/wp-content\/uploads\/Adobe-Scan-06.01.2025.pdf\">(NICHT)&nbsp;DAS&nbsp;ENde<\/a><\/h4><p><strong>PREMIERE<\/strong> 31.&nbsp;Januar&nbsp;2025&nbsp;I&nbsp;19:00&nbsp;Uhr<br>Kapelle&nbsp;3-Ohlsdorfer&nbsp;Friedhof&nbsp;<\/p><br><p><strong>weitere&nbsp;Vorstellungen<br><\/strong>am&nbsp;01.02.2025&nbsp;17:00&nbsp;&amp;&nbsp;19:30&nbsp;Uh<br><\/p> <\/td><\/tr><\/tbody><\/table><\/figure>\n","protected":false},"excerpt":{"rendered":"<p>Figurentheater Grash\u00fcpfer&nbsp;Puschkinallee 16 a, Berlin BESUCH AUS LILLIPUTEin Theaterst\u00fcck f\u00fcr Kinder zwischen 3-5 Jahre ohne gesprochene Sprache Vorstellungen:17.07.2025 10:00 Uhr bis 10:45 Uhr19.07.2025 11:00 Uhr bis 11:45 Uhr20.07.2025 11:00 Uhr bis 11:45 Uhr LA STRADA &hellip; <a href=\"https:\/\/www.theater-triebwerk.de\/wordpress\/stuecke\/vorschau-2019\/\">Weiterlesen<\/a><\/p>\n","protected":false},"author":2,"featured_media":0,"parent":12,"menu_order":7,"comment_status":"closed","ping_status":"closed","template":"","meta":{"ngg_post_thumbnail":0},"_links":{"self":[{"href":"https:\/\/www.theater-triebwerk.de\/wordpress\/wp-json\/wp\/v2\/pages\/1607"}],"collection":[{"href":"https:\/\/www.theater-triebwerk.de\/wordpress\/wp-json\/wp\/v2\/pages"}],"about":[{"href":"https:\/\/www.theater-triebwerk.de\/wordpress\/wp-json\/wp\/v2\/types\/page"}],"author":[{"embeddable":true,"href":"https:\/\/www.theater-triebwerk.de\/wordpress\/wp-json\/wp\/v2\/users\/2"}],"replies":[{"embeddable":true,"href":"https:\/\/www.theater-triebwerk.de\/wordpress\/wp-json\/wp\/v2\/comments?post=1607"}],"version-history":[{"count":97,"href":"https:\/\/www.theater-triebwerk.de\/wordpress\/wp-json\/wp\/v2\/pages\/1607\/revisions"}],"predecessor-version":[{"id":2273,"href":"https:\/\/www.theater-triebwerk.de\/wordpress\/wp-json\/wp\/v2\/pages\/1607\/revisions\/2273"}],"up":[{"embeddable":true,"href":"https:\/\/www.theater-triebwerk.de\/wordpress\/wp-json\/wp\/v2\/pages\/12"}],"wp:attachment":[{"href":"https:\/\/www.theater-triebwerk.de\/wordpress\/wp-json\/wp\/v2\/media?parent=1607"}],"curies":[{"name":"wp","href":"https:\/\/api.w.org\/{rel}","templated":true}]}}